u) = 4*u - 26. Let n be p(7). Suppose m = -x - 2*x + 31, 4*x - 38 = n*m. What is the greatest common factor of 40 and x?
10
Let o be -1103 - (-2 - (-4 + 2 - 2)). Let v be (159 - 2)*(-2 + -3). Let u = v - o. Calculate the highest common factor of u and 40.
40
Let w(q) = 17*q**2 + 3*q - 2. Let c be w(1). Suppose -s = c - 58. What is the greatest common divisor of 60 and s?
20
Suppose 0 = -11*g + 10*g - 41. Let l = -33 - g. What is the greatest common factor of l and 88?
8
Let c be 6/(-4) - 14192/(-32). What is the greatest common factor of 13 and c?
13
Let b be (-30)/(-3)*2/4. Let j = -2 + b. Suppose -62 - 70 = -j*c. What is the highest common factor of 110 and c?
22
Let a = -15 - -25. Let w = 14 - a. Suppose -2*c + 2*b = c - 215, w*c - b - 280 = 0. What is the greatest common factor of c and 23?
23
Let y = -114 + 164. Suppose -2*v - 3*v = -360. Let k = 82 - v. What is the highest common divisor of y and k?
10
Suppose 133*z = 135*z - 170. Suppose 0 = w + z - 225. Calculate the greatest common factor of w and 56.
28
Let g be 102/17 + -4 + 3 + 3. What is the highest common divisor of 632 and g?
8
Let d(a) = 4*a**2 + 3. Let j be d(-2). Calculate the highest common divisor of j and 513.
19
Suppose 77*g = 10121 + 10207. What is the highest common divisor of g and 24?
24
Let f be (-3 - (8 + -17))*5/2. Calculate the highest common divisor of 15 and f.
15
Let w(b) = -b**3 + 2*b**2 - 2*b. Let q be w(0). Suppose q = -3*m + 14 + 7. Calculate the highest common divisor of 7 and m.
7
Let c(j) = -j + 13. Let b be c(9). Let f be (1 - -41)/(3/b). Calculate the highest common divisor of 7 and f.
7
Let d = 99 - 3. Let h(z) = -z. Let c(f) = -8*f - 6. Let l(u) = c(u) - 5*h(u). Let v be l(-6). Calculate the greatest common divisor of d and v.
12
Suppose -11*h = 3*y - 9*h - 36, -15 = 5*h. What is the greatest common divisor of y and 238?
14
Suppose -8 = -5*t + 3*d, 3*d - 5 = 7. Let x be t/(-30) - 4642/(-165). Calculate the highest common divisor of 70 and x.
14
Let m be (-7 - -7) + (-2 - -5). Let o be -4 + (-4 + m)*11. Let v = o - -26. What is the greatest common factor of 11 and v?
11
Let p(h) = 2*h + 10. Let i be p(-6). Let s be i/(-7) - 104/(-28). Suppose 3*b - 5*c - 12 = -3*c, -s*c = 0. What is the greatest common factor of 12 and b?
4
Let y be 4 + 589 + -7 - -8. What is the greatest common factor of 132 and y?
66
Suppose 0 = -l + 4*f + 4, -4*f = 3*l - 19 - 41. Let w be (-1)/(-4)*(21 - -99 - -8). What is the greatest common divisor of l and w?
16
Let l = 7 + 0. Let d(t) = -2*t + 4. Let o be d(-5). What is the greatest common factor of o and l?
7
Let o(k) = k**2 - 11*k. Let n be o(8). Let z be (16/4 - 0) + n. Let t be 114/10 - 12/z. What is the greatest common divisor of 30 and t?
6
Let h be -106*3/(-4) - 10/(-20). Let u = 16 + -8. Calculate the greatest common divisor of u and h.
8
Let k be 10/(-15) + (-5)/15. Let b be k + 4 + 2 + 36. Calculate the greatest common divisor of 41 and b.
41
Let x = 92 + -70. Suppose 10*k - x = 38. Calculate the greatest common factor of k and 30.
6
Let d(y) = -y**2 - 14*y - 7. Let p be 462/18 + 2/(-3). Let i = 15 - p. Let x be d(i). Calculate the highest common divisor of 3 and x.
3
Suppose -10 = h - 3*h. Suppose 3*l + 12 = h*n, 8*l - 3*l = 5. What is the highest common factor of n and 2?
1
Let t be 3 - (-78239)/49 - 8/(-28). What is the greatest common divisor of 64 and t?
64
Let r(s) = 81*s**2 - 1. Let i be r(5). Calculate the highest common factor of 46 and i.
46
Let c be (0 - (0 + 6)) + 4. Let b be (1 - c)/(2/(-86)). Let w = b - -185. Calculate the highest common factor of 8 and w.
8
Let m(b) = 6*b + 7. Let n be m(3). Calculate the highest common factor of 225 and n.
25
Suppose 5 - 9 = -h. Let j be ((-6)/(-2))/(h/240*9). Calculate the greatest common divisor of j and 180.
20
Let g = -6224 - -6246. Suppose 0 = -k + 5*s + 24, 0 = -2*k + 2*s - 0*s + 16. Calculate the highest common divisor of k and g.
2
Suppose -10*z + 34 = -8*z + 4*w, 3*z = -2*w + 47. Calculate the highest common factor of z and 6.
3
Let q be 68/(8 - 6)*2. Calculate the highest common factor of 4 and q.
4
Suppose 0 = -g + z - 6*z + 192, 0 = g + 4*z - 191. Let k = 4 + 0. Suppose k = -5*a + 89. What is the greatest common divisor of g and a?
17
Suppose -u - 141 = -x, 0 = u + 4*x + 32 + 84. Let j = -52 - u. Calculate the greatest common divisor of j and 12.
12
Suppose -4*p - 2*h - 7 = -39, 4*p - 4*h = 8. Let o be 29*2 - (12 - -52)/16. Calculate the greatest common divisor of o and p.
6
Let a(q) = q**3 + 9*q**2 + 12*q + 3. Let w be a(-6). Let f = w + -20. Calculate the highest common divisor of 76 and f.
19
Let o be (-2)/7 - ((-2235)/7 + 0). Calculate the greatest common factor of o and 29.
29
Let a(f) = f**3 - 10*f**2 + 6*f + 21. Let u be a(10). Suppose 5*c - 85 = 5*z, 0 = 2*c + 3*c - z - u. What is the greatest common factor of c and 112?
16
Let q be 17 + -1 + 5 - 4. Let y(l) = -3*l + 25. Let s be y(-20). Calculate the highest common factor of s and q.
17
Let z = 2727 - 1443. What is the highest common divisor of z and 12?
12
Suppose n - 4*c = -n + 1188, -4*n = 5*c - 2428. Calculate the highest common divisor of 42 and n.
14
Let a be 142*4 + -10 + 72/8. What is the highest common factor of a and 14?
7
Let g = -689 - -1233. Calculate the greatest common factor of g and 17.
17
Let m = 71 + -57. Let s be 2/(-2)*4*(-7)/m. What is the highest common factor of s and 1?
1
Let z(p) = -p + 16 + 5*p + 4*p - 5*p. Let w be z(10). Calculate the greatest common factor of 115 and w.
23
Suppose -2*k = p + 10 - 36, p - 8 = 4*k. Suppose 0 = 3*w + w - 1764. Let z = w - 261. What is the highest common factor of z and p?
20
Suppose p = 3*p - 5*a + 11, 5 = 5*a. Let q(d) = 2*d**2 + d + 3. Let r be q(p). Suppose -3*t = -t - 36. Calculate the highest common factor of t and r.
18
Let f(j) = -20*j**3 - 2*j**2 + 6*j + 7. Let w be f(-1). What is the greatest common divisor of w and 1349?
19
Let g = -481 - -1105. What is the greatest common factor of g and 48?
48
Let g be (4 + -3)*-2 + 4. Suppose 7*i - 4*z - 270 = 2*i, g*i = -z + 95. Calculate the greatest common divisor of i and 10.
10
Let j(l) = -l - l**2 + 0*l**3 + l**3 - 2*l**3 + 48. Let x be (3 + -3)/((-2)/1 - -3). Let q be j(x). Calculate the highest common divisor of 12 and q.
12
Let a(k) = -28*k - 16. Let t be a(-3). Let n = t - 61. What is the greatest common divisor of 56 and n?
7
Let j = -1039 + 1041. Let n(z) = -z**2 - 4*z - 2. Let i be n(-5). Let b = -4 - i. What is the greatest common divisor of j and b?
1
Let q = 31 + -29. Suppose -649 + 105 = -3*x - f, 368 = q*x + 2*f. What is the highest common factor of 36 and x?
36
Suppose -3*s = -4*s, r = 2*s - 69. Let o = -41 - r. Suppose 4*d = o + 132. Calculate the highest common divisor of d and 5.
5
Suppose 2*g - 4*h + 103 - 323 = 0, 5*g - h = 577. What is the greatest common factor of g and 29?
29
Let d = -96 + 116. Let j be 140/d - 5*-1. Suppose -2*i + 32 + 16 = 0. What is the highest common divisor of i and j?
12
Let c(r) = 5 + 13*r + 7 - 1 - 6*r + r**2. Let g be c(-5). Let n(b) = b**3 + 3*b**2 + 1. Let x be n(-3). What is the greatest common divisor of g and x?
1
Let x(h) = -h + 183. Let n(s) = -61. Let y(q) = 7*n(q) + 2*x(q). Let k be y(0). Let v = k + 133. What is the greatest common divisor of 180 and v?
36
Suppose 3*q + 3 = -0*q. Let c be (-1 - -2)/(q/11). Let y(o) = o**3 + 12*o**2 + 11*o + 16. Let v be y(c). What is the highest common factor of 2 and v?
2
Suppose 21*q - 1037 = -218. Calculate the highest common factor of 897 and q.
39
Let c(g) = -g**3 - 10*g**2 + 4*g + 4. Let o be c(-9). Let m be (-3 + o/(-2))*4. Let d be (5 + -3)/1 + m. What is the highest common divisor of d and 27?
27
Suppose -15*d + 420 = -435. Calculate the greatest common factor of 3 and d.
3
Suppose 264 + 3021 = 45*y. What is the highest common factor of 2263 and y?
73
Let f = -928 + 958. What is the greatest common divisor of 2310 and f?
30
Let d(j) = -23*j - 6. Let h be d(-1). Calculate the greatest common divisor of h and 493.
17
Let t(j) = 35*j**3 - j**2 + 7*j - 5. Let f be t(1). Calculate the greatest common factor of f and 54.
18
Suppose -93*i + 21*i = -19584. Calculate the highest common divisor of i and 88.
8
Suppose -3*d + 2*q + 14 + 2 = 0, -d = 3*q + 2. Let l = 20 - d. What is the highest c